n + 516. Calculate u(-6).
-78
Let z(k) = -2*k**2 + 616*k + 35784. What is z(358)?
-16
Let l(q) = q**2 + 13639*q - 191134. Give l(14).
8
Let t(z) = z**2 + 308*z + 8858. What is t(-33)?
-217
Let q(w) = -15291*w - 4205060. What is q(-275)?
-35
Let k(t) = t**3 + 305*t**2 + 15062*t - 245. Determine k(-62).
3
Let t(n) = -321231*n - 35. Give t(0).
-35
Let z(s) = -401474*s - 14854540. Determine z(-37).
-2
Let j(i) = 7*i**3 - 583*i**2 + 148*i + 916. What is j(83)?
-578
Let b(r) = -r**3 + 142*r**2 + 278*r + 1382. Calculate b(144).
-58
Let k(w) = 11*w**2 - 2571*w + 11891. Calculate k(229).
-17
Let u(k) = -7*k**2 - 63*k - 314. Give u(-9).
-314
Let o(c) = c**3 - 23*c**2 - 348*c + 725. What is o(33)?
131
Let y(i) = -557*i + 5135. What is y(4)?
2907
Let b(c) = 425*c - 307282. Calculate b(723).
-7
Let j(k) = -218*k**2 + 43386*k - 796. Determine j(199).
0
Let k(d) = 176*d**2 + 1060*d - 23. Calculate k(-6).
-47
Let n(c) = 3705*c + 6787566. Calculate n(-1832).
6
Let b(n) = n**2 + 26*n - 17787. What is b(121)?
0
Let w(k) = k**3 + 206*k**2 - 631*k - 811. Give w(-209).
25
Let c(f) = f**3 + 91*f**2 - 6280*f + 28415. What is c(-138)?
-13
Let f(h) = h**2 + 23498*h - 1697048. Determine f(72).
-8
Let j(k) = -101*k**3 + 1819*k**2 - 47*k + 521. Calculate j(18).
-1
Let a(m) = -1077932*m - 33415893. Determine a(-31).
-1
Let j(i) = 14*i**3 + 234*i**2 - 60*i + 199. Calculate j(-17).
63
Let x(a) = -a**2 - 25704*a + 51398. Determine x(2).
-14
Let u(y) = -51*y**2 + 2066*y - 14387. Give u(7).
-2424
Let j(s) = 5697*s - 4854. Determine j(1).
843
Let d(b) = 2106*b - 31357. Determine d(15).
233
Let u(l) = l**3 - 191*l**2 - 757*l - 2873. Determine u(195).
1612
Let v(r) = -11*r**2 - 299*r - 726. Determine v(-24).
114
Let w(b) = 9542*b + 12366433. Calculate w(-1296).
1
Let y(b) = b**3 - 70*b**2 + 461*b - 4878. Calculate y(64).
50
Let t(o) = -62511*o + 124807. What is t(2)?
-215
Let j(b) = -63*b + 1906. Give j(56).
-1622
Let x(p) = -3329*p + 329528. What is x(99)?
-43
Let d(b) = -4704*b - 60600. Determine d(-13).
552
Let h(t) = 68257*t - 273014. Determine h(4).
14
Let g(b) = -590*b - 30357. Calculate g(-50).
-857
Let o(u) = -477*u**2 + 2517*u - 2446. Calculate o(4).
-10
Let x(i) = 2*i**3 + 761*i**2 + 20736*i + 9465. Determine x(-351).
-12
Let i(t) = -4*t**2 + 183*t + 392. Calculate i(-10).
-1838
Let b(w) = 99*w - 3151. Calculate b(30).
-181
Let s(n) = -2483*n - 7249. Give s(-3).
200
Let z(p) = 15554*p - 653263. Calculate z(42).
5
Let x(q) = -5*q**2 + 786*q - 3200. What is x(153)?
13
Let p(n) = 53*n**2 - 1697*n + 4614. Determine p(3).
0
Let r(t) = 4*t**3 - 262*t**2 + 3735*t + 58. What is r(21)?
-5
Let s(x) = -3167*x**3 + 3*x**2 - 333*x + 329. Give s(1).
-3168
Let l(t) = -9887*t - 29663. What is l(-3)?
-2
Let m(h) = -899*h - 17512. Determine m(-19).
-431
Let b(d) = -152*d - 1813. Give b(-20).
1227
Let q(j) = -5*j**2 - 363*j - 6564. What is q(-39)?
-12
Let x(p) = 15*p**3 - 2614*p**2 + 700*p - 356. Determine x(174).
340
Let a(y) = 15467*y + 634223. Calculate a(-41).
76
Let r(n) = -1527379*n + 15273790. Give r(10).
0
Let c(d) = -63*d - 232. Determine c(-6).
146
Let n(p) = -3*p**3 + 17*p**2 + 86*p - 456. Calculate n(5).
24
Let t(a) = -a**2 + 1785*a - 14309. Determine t(8).
-93
Let g(r) = 5*r**3 - 3*r**2 - 118*r - 2. What is g(0)?
-2
Let w(b) = -181690*b - 1453179. What is w(-8)?
341
Let q(b) = -8122*b + 96799. Give q(12).
-665
Let x(i) = i**3 + 25*i**2 - 961. Calculate x(-23).
97
Let f(y) = 10*y**2 - 1275*y + 1890. Determine f(126).
0
Let o(s) = 158719*s + 2856916. Calculate o(-18).
-26
Let v(j) = -4*j**2 + 380596*j + 3425689. Give v(-9).
1
Let u(p) = -p**2 - 37442*p - 1346472. Give u(-36).
144
Let n(v) = 4635*v - 120526. Calculate n(26).
-16
Let r(h) = 2*h**3 - 386*h**2 + 418*h - 6338. Give r(192).
190
Let x(k) = 3*k**2 - 280*k - 439. What is x(77)?
-4212
Let m(j) = j**3 + 258*j**2 + 9912*j + 90. Give m(-47).
325
Let y(a) = -410*a - 144. Calculate y(-3).
1086
Let y(t) = -t**2 - 2015*t + 122363. Calculate y(59).
-3
Let r(i) = -60*i**3 + 6*i**2 - 7*i + 3. Determine r(2).
-467
Let f(n) = 12510*n - 687793. Calculate f(55).
257
Let z(g) = -343906*g + 1375634. Give z(4).
10
Let m(j) = 1794*j + 346244. What is m(-193)?
2
Let l(c) = -1642*c**3 + c**2 + 39*c - 37. Determine l(1).
-1639
Let m(c) = c**2 - 694*c + 13447. Calculate m(20).
-33
Let s(w) = 72047*w + 288072. Determine s(-4).
-116
Let p(u) = u**3 - 7*u**2 - 549*u + 5221. What is p(9)?
442
Let a(j) = -j**3 + 8*j**2 + 16*j - 136. What is a(8)?
-8
Let v(r) = 15034*r + 5111453. Calculate v(-340).
-107
Let v(x) = 2*x**2 + 850*x + 30099. Give v(-39).
-9
Let s(b) = -2889*b + 508473. Give s(176).
9
Let m(g) = 69*g**2 + 397*g - 3906. Calculate m(11).
8810
Let v(s) = -17*s**2 - 1503*s - 17744. What is v(-14)?
-34
Let a(c) = 36447*c - 328016. Determine a(9).
7
Let a(z) = z**3 + 89*z**2 - 520*z - 13975. What is a(-93)?
-211
Let u(s) = -1706*s + 544216. Determine u(319).
2
Let q(n) = 449*n**3 - 6*n**2 - 11*n - 25. Determine q(-2).
-3619
Let o(w) = 3*w**3 - 1181*w**2 - 14548*w + 670. What is o(-12)?
-2
Let u(g) = 1774*g**2 - 21290*g + 6. Determine u(12).
-18
Let u(y) = 128*y - 6050. Give u(50).
350
Let p(i) = -81*i**2 - 335*i - 49. What is p(-4)?
-5
Let f(o) = -246*o**2 + 19*o - 89. What is f(3)?
-2246
Let a(f) = 3*f**2 + 54*f - 60. Determine a(-26).
564
Let x(f) = 15017*f + 1366713. Determine x(-91).
166
Let j(o) = -2*o**3 + 165*o**2 + 978*o - 923. Determine j(88).
-43
Let p(i) = -i**3 + 109*i**2 - 1064*i - 3030. What is p(98)?
-1658
Let f(r) = 86*r**2 - 2088*r + 608. What is f(24)?
32
Let p(c) = -c**3 - 6*c**2 + 161*c + 940. Determine p(-7).
-138
Let g(a) = 2*a**3 - 279*a**2 + 390*a + 3318. What is g(138)?
6
Let i(d) = d**3 + 4*d**2 - 6*d - 129. Calculate i(10).
1211
Let f(y) = 18091*y - 36213. Determine f(2).
-31
Let v(m) = m**2 + 190630*m - 2097021. Give v(11).
30
Let s(z) = -10180*z + 40776. Give s(4).
56
Let g(s) = -2*s**3 + 438*s**2 + 910*s + 56. Calculate g(-2).
4
Let b(q) = -35*q**2 + 1312*q - 233. Calculate b(37).
396
Let f(c) = 170081*c + 680309. Determine f(-4).
-15
Let l(o) = -279504*o - 279501. Give l(-1).
3
Let d(l) = 4014*l**2 + 188661*l + 51. Determine d(-47).
-90
Let h(v) = -537*v**2 - 49401*v + 281. Give h(-92).
5
Let l(v) = -3*v**2 - 18861*v - 94307. Determine l(-5).
-77
Let y(v) = 392*v + 174651. Give y(-445).
211
Let j(w) = w**3 - 220*w**2 - 1552*w + 96093. Give j(225).
18
Let v(t) = t**3 - 57*t**2 - 348*t + 3. What is v(63)?
1893
Let r(l) = -587175*l - 5871749. Give r(-10).
1
Let u(t) = 478*t - 3268. Calculate u(9).
1034
Let r(y) = -2*y**3 + 37*y**2 + 1372*y - 232. Determine r(37).
-121
Let n(h) = -h**3 + 183*h**2 - 7214*h - 2098. What is n(58)?
-10
Let f(h) = -10200*h + 1397410. Calculate f(137).
10
Let w(l) = -1523*l - 272603. Give w(-179).
14
Let d(r) = -11*r**2 - 128*r + 702. Give d(4).
14
Let z(x) = -x**2 + 11955*x - 274392. Calculate z(23).
44
Let t(w) = 3*w**3 - 116*w**2 - 446*w + 1051. Determine t(42).
-41
Let x(d) = 3*d**2 - 17533*d + 227426. Determine x(13).
4
Let r(s) = 2*s**2 + 35*s + 61. What is r(-12)?
-71
Let k(z) = -16*z**3 - 35*z**2 + 85*z + 123. What is k(-3)?
-15
Let j(y) = 1580*y - 56977. Give j(36).
-97
Let i(f) = f**2 + 582359*f + 4076467. Determine i(-7).
3
Let w(r) = 3*r**2 - 160*r - 402. Calculate w(62).
1210
Let c(k) = -57*k**2 + 566*k - 21. Calculate c(10).
-61
Let h(r) = 4394*r - 17739. Calculate h(4).
-163
Let v(c) = -1852*c - 16807. Determine v(-9).
-139
Let i(x) = -135*x - 11362. Give i(-81).
-427
Let s(d) = 326*d - 11081. Give s(34).
3
Let n(p) = 2939*p - 35105. Give n(12).
163
Let r(v) = 2*v**2 - 34715*v + 11. Give r(0).
11
Let o(t) = -t**2 + 819*t + 63188. Determine o(890).
-2
Let v(d) = -62828*d + 62829. Determine v(1).
1
Let o(g) = -3*g**3 + 487*g**2 - 232*g + 11338. Determine o(162).
-2
Let x(y) = -1340*y - 403241. Determine x(-301).
99
Let p(s) = -2366*s - 28386. Determine p(-12).
6
Let u(c) = -171*c**2 - 148939*c + 1741. Give u(-871).
-1
Let t(p) = -1756*p + 6692. Determine t(4).
-332
Let o(u) = -27*u**2 - 58*u + 387. Calculate o(-11).
-2242
Let x(y) = 37*y**2 + 8775*y + 10152. Give x(-236).
4
Let l(u) = -24*u**3 - 20*u**2 - 55*u + 17. Calculate l(-2).
239
Let t(k) = -260459*k + 2865042. Calculate t(11).
-7
Let z(q) = 430*q + 14747. Give z(-31).
1417
Let h(b) = -292*b - 156. Determine h(2).
